08558?
True
Does 93 divide 194977755?
True
Is 28 a factor of 38896664?
False
Is 37 a factor of 626219413?
True
Does 34 divide 205452117?
False
Is 613 a factor of 2960581725?
False
Does 489 divide 225830958?
True
Is 190 a factor of 77921090?
True
Does 161 divide 19582108?
True
Is 108 a factor of 1917561060?
True
Is 44978996 a multiple of 8?
False
Is 34 a factor of 73919502?
True
Is 190037680 a multiple of 245?
True
Is 9 a factor of 18601647?
False
Is 98 a factor of 259431104?
False
Is 9118 a factor of 591812908?
True
Is 8 a factor of 363796192?
True
Is 936 a factor of 54820584?
True
Is 3435516840 a multiple of 6258?
True
Is 6 a factor of 769173829?
False
Is 693 a factor of 120384295?
False
Does 3497 divide 3062392990?
False
Is 229521323 a multiple of 444?
False
Is 1610718624 a multiple of 1275?
False
Does 332 divide 143206540?
True
Is 41 a factor of 873669?
True
Is 2731834197 a multiple of 2767?
True
Is 17 a factor of 871127199?
False
Is 132 a factor of 2739268620?
True
Does 13 divide 434024131?
False
Is 228937704 a multiple of 2313?
False
Does 67 divide 72354975?
True
Is 68 a factor of 180375503?
False
Does 1010 divide 86626213?
False
Does 55 divide 33246180?
True
Does 14 divide 322137189?
False
Is 257825739 a multiple of 3?
True
Does 152 divide 223690633?
False
Is 281746435 a multiple of 881?
False
Is 10 a factor of 54359880?
True
Is 19 a factor of 104634607?
False
Does 13 divide 179930422?
False
Is 300735752 a multiple of 1432?
True
Is 17170924 a multiple of 1174?
True
Does 6 divide 17069496?
True
Is 83582007 a multiple of 19?
True
Does 58 divide 75771367?
False
Is 198 a factor of 7991478?
True
Does 89 divide 132635572?
False
Is 12 a factor of 652912078?
False
Is 891 a factor of 98565093?
True
Does 7 divide 109176284?
True
Is 545 a factor of 130096596?
False
Does 4 divide 346518730?
False
Is 36 a factor of 15411622?
False
Is 287702913 a multiple of 2237?
False
Does 213 divide 117842556?
False
Is 907649630 a multiple of 185?
False
Is 3451930 a multiple of 5?
True
Is 29 a factor of 45505669?
True
Does 194 divide 395182388?
False
Is 469 a factor of 58898896?
True
Is 33 a factor of 106339761?
True
Does 376 divide 95116444?
False
Does 81 divide 85528138?
False
Does 19 divide 1866393074?
False
Does 900 divide 4170125219?
False
Does 1858 divide 2298542?
False
Does 3657 divide 54588039?
True
Is 55345470 a multiple of 10?
True
Is 3141 a factor of 2724248979?
True
Is 5 a factor of 13009920?
True
Is 514 a factor of 94687538?
True
Is 136 a factor of 46307716?
False
Is 4 a factor of 100831153?
False
Is 958318388 a multiple of 32?
False
Does 12914 divide 1150970854?
False
Does 86 divide 11320610?
True
Does 123 divide 373004078?
False
Is 189 a factor of 329975478?
True
Does 3955 divide 102097172?
False
Is 358409700 a multiple of 902?
True
Is 366977259 a multiple of 207?
True
Is 15360386 a multiple of 5?
False
Is 7977644 a multiple of 5?
False
Is 16 a factor of 1278192?
True
Does 57 divide 3958132907?
False
Is 85660896 a multiple of 10?
False
Is 2796458728 a multiple of 53?
False
Is 508334287 a multiple of 81?
False
Does 7 divide 31954439?
False
Is 105254100 a multiple of 42?
True
Does 171 divide 164920779?
True
Is 7692 a factor of 1224495850?
False
Does 105 divide 44327430?
True
Is 221 a factor of 2712292012?
False
Is 6 a factor of 826592354?
False
Is 12 a factor of 25520604?
True
Is 259 a factor of 1511111474?
False
Does 9 divide 66736206?
True
Does 135 divide 790020?
True
Is 3645 a factor of 1488871374?
False
Is 2257784051 a multiple of 36?
False
Is 661755750 a multiple of 2850?
True
Does 738 divide 32282516?
False
Is 7987321 a multiple of 139?
False
Is 20 a factor of 1295144894?
False
Is 149534828 a multiple of 162?
False
Is 3343 a factor of 4489007144?
True
Is 16 a factor of 781009296?
True
Does 1016 divide 4795968056?
True
Does 2863 divide 640172357?
False
Is 20060685 a multiple of 3?
True
Is 48 a factor of 166675378?
False
Is 131826330 a multiple of 90?
True
Is 94 a factor of 96064804?
True
Is 42 a factor of 1631722722?
True
Does 2711 divide 552585841?
True
Is 57 a factor of 19811550?
False
Is 404199515 a multiple of 3719?
True
Is 2275794964 a multiple of 544?
False
Does 157 divide 15289288?
True
Is 565082176 a multiple of 88?
False
Is 49464825 a multiple of 25?
True
Is 83 a factor of 558032074?
True
Is 400999288 a multiple of 5439?
False
Is 2279618 a multiple of 9?
False
Is 16685680 a multiple of 2?
True
Does 24 divide 21332400?
True
Does 3698 divide 1349749201?
False
Is 6458 a factor of 171866754?
True
Does 1348 divide 111354236?
True
Is 258376217 a multiple of 407?
True
Does 23 divide 39277836?
True
Does 523 divide 7438931?
False
Does 567 divide 30578877?
True
Is 419 a factor of 55505594?
False
Does 27 divide 159766686?
False
Is 307 a factor of 231037392?
False
Is 20 a factor of 9517800?
True
Is 11366 a factor of 1314546096?
True
Is 159889481 a multiple of 1559?
True
Is 4815200530 a multiple of 595?
True
Does 1520 divide 87310320?
True
Is 15402408 a multiple of 4?
True
Does 932 divide 24189128?
True
Is 407539164 a multiple of 185?
False
Does 116 divide 1983894640?
True
Is 1112 a factor of 738097784?
True
Is 12 a factor of 20097012?
True
Is 27740050 a multiple of 650?
True
Is 11600175 even?
False
Is 43734720 a multiple of 16?
True
Is 669300939 a multiple of 2120?
False
Is 25 a factor of 40898105?
False
Does 12 divide 23176162?
False
Is 683 a factor of 50230935?
False
Does 30 divide 44159250?
True
Is 671 a factor of 16061056?
True
Does 423 divide 3187544673?
False
Does 1797 divide 123159192?
True
Is 46 a factor of 25997388?
False
Does 2176 divide 252600960?
True
Is 38 a factor of 297007690?
False
Is 161 a factor of 76367613?
True
Is 6961884 a multiple of 255?
False
Is 276 a factor of 1407600?
True
Does 4785 divide 35272063?
False
Is 3700278 a multiple of 452?
False
Is 9781171 a multiple of 4?
False
Does 281 divide 38752991?
True
Is 16 a factor of 43137069?
False
Does 39 divide 159979793?
False
Does 447 divide 100142304?
True
Is 21121351 a multiple of 1247?
False
Does 6192 divide 672562656?
True
Does 18 divide 147172932?
True
Is 37 a factor of 126510289?
True
Is 132 a factor of 137863176?
True
Is 108 a factor of 1359588648?
False
Does 53 divide 539451543?
True
Does 14 divide 831506396?
True
Does 8 divide 20907839?
False
Does 339 divide 1760427?
True
Does 35 divide 6931467?
False
Is 316468868 a multiple of 553?
False
Is 99598776 a multiple of 948?
True
Is 96019534 a multiple of 2318?
False
Does 19 divide 22133746?
True
Does 1659 divide 26311351?
False
Does 113 divide 398741119?
False
Is 102539336 a multiple of 167?
True
Is 9286 a factor of 2393995802?
True
Is 593724934 a multiple of 7?
False
Does 81 divide 498732652?
False
Is 5881 a factor of 3191389341?
True
Is 22 a factor of 760613368?
False
Does 78 divide 1224055908?
False
Is 63418806 a multiple of 2497?
True
Does 45 divide 83842236?
False
Is 1240 a factor of 58931000?
True
Is 14382238 a multiple of 26?
True
Is 378274960 a multiple of 2996?
True
Does 44 divide 176948860?
True
Is 1039 a factor of 195202125?
True
Is 4 a factor of 206699?
False
Is 1192 a factor of 1294512?
True
Does 83 divide 63504545?
True
Is 106713085 a multiple of 465?
False
Is 53730540 a multiple of 340?
True
Is 1986 a factor of 39876894?
True
Is 1890 a factor of 214423906?
False
Is 817143122 a multiple of 6851?
False
Does 3659 divide 614347714?
False
Is 13 a factor of 7301892?
True
Is 964483117 a multiple of 4640?
False
Does 13 divide 188562738?
True
Does 17 divide 183479500?
False
Is 48 a factor of 72869716?
False
Does 1837 divide 23937185?
False
Does 53 divide 11264143?
True
Is 234 a factor of 5927450?
False
Is 235 a factor of 36062055?
False
Is 101249525 a multiple of 13?
True
Is 122821350 a multiple of 10?
True
Is 2050161 a multiple of 6?
False
Is 5622088 a multiple of 735?
False
Does 913 divide 28301174?
True
Is 16 a factor of 143814028?
False
Does 3 divide 59475112?
False
Is 280 a factor of 107509669?
False
Does 1649 divide 1858118663?
False
Does 6 divide 13191444?
True
Does 408 divide 2005026079?
False
Does 2176 divide 67110016?
True
Is 688 a factor of 10502320?
True
Is 2 a factor of 23037?
False
Is 102793532 a multiple of 92?
True
Is 1234 a factor of 35638586?
False
Is 723503173 a multiple of 10?
False
Does 40 divide